Convert 5515 (base 6) to base 4.
103313
What is -29989 (base 10) in base 9?
-45121
1204 (base 7) to base 8
675
Convert 6871 (base 15) to base 6.
250324
712 (base 8) to base 6
2042
Convert -2342030 (base 5) to base 4.
-22211332
16b (base 14) to base 6
1203
5a9 (base 13) to base 11
815
What is 660 (base 10) in base 5?
10120
Convert -2320 (base 5) to base 2.
-101001111
-21 (base 3) to base 2
-111
What is 102 (base 9) in base 11?
76
What is 537 (base 14) in base 2?
10000000101
-8203 (base 11) to base 16
-2a8d
Convert -3166 (base 9) to base 2.
-100100011000
Convert -1011001000100111 (base 2) to base 11.
-312a1
What is a349 (base 16) in base 3?
2010100012
What is 333 (base 12) in base 5?
3341
Convert a686 (base 13) to base 9.
34610
-3527 (base 11) to base 9
-6311
What is 111000001 (base 2) in base 8?
701
What is 324 (base 8) in base 15?
e2
What is 234 (base 5) in base 4?
1011
Convert 142201 (base 5) to base 2.
1011100100110
What is -2231 (base 4) in base 7?
-335
What is 53 (base 12) in base 11?
58
What is 122220 (base 4) in base 16?
6a8
Convert -13144 (base 6) to base 2.
-11111011000
2751 (base 14) to base 3
100111201
-87b (base 12) to base 4
-103133
1131 (base 6) to base 14
155
What is 46342 (base 10) in base 12?
2299a
Convert 47406 (base 8) to base 11.
14221
What is 39b (base 15) in base 11?
687
-310 (base 5) to base 6
-212
What is -66026 (base 8) in base 16?
-6c16
What is -1341 (base 8) in base 10?
-737
2157 (base 11) to base 13
13ab
What is -2120000 (base 3) in base 2?
-11101000111
Convert -108 (base 16) to base 12.
-1a0
What is -31065 (base 9) in base 4?
-10333313
What is 13342 (base 6) in base 5?
31303
Convert 1111011111101 (base 2) to base 11.
5a62
-cc56 (base 14) to base 9
-53444
Convert -1100000100111000 (base 2) to base 8.
-140470
-113010 (base 4) to base 12
-a30
Convert 10152 (base 6) to base 14.
6d6
Convert -10001111 (base 2) to base 10.
-143
What is -41232 (base 5) in base 10?
-2692
-101222 (base 4) to base 15
-505
-984 (base 10) to base 13
-5a9
5aa5 (base 12) to base 3
111222222
-33495 (base 12) to base 11
-47172
-2297 (base 14) to base 5
-143023
Convert -17430 (base 8) to base 12.
-4734
212302 (base 4) to base 6
15254
What is -2055 (base 6) in base 5?
-3332
What is -263 (base 8) in base 9?
-218
1201012221 (base 3) to base 9
51187
Convert 21332 (base 4) to base 10.
638
Convert -20112120 (base 3) to base 12.
-2913
What is -130004 (base 5) in base 6?
-35100
What is ee33 (base 16) in base 10?
60979
-dd8 (base 14) to base 16
-ab2
41140 (base 5) to base 15
bd0
Convert 100010001010 (base 2) to base 7.
6242
Convert -163 (base 10) to base 3.
-20001
2012010211 (base 3) to base 8
124152
What is -1001001101 (base 3) in base 16?
-4fe1
Convert 145224 (base 6) to base 7.
56122
-1532 (base 10) to base 5
-22112
What is 20c (base 13) in base 8?
536
What is 1045 (base 16) in base 12?
24b1
What is -105345 (base 6) in base 11?
-6836
What is 949 (base 13) in base 5?
22312
-91 (base 11) to base 10
-100
1677 (base 8) to base 2
1110111111
-102220 (base 3) to base 11
-272
Convert 1599 (base 10) to base 14.
823
Convert 4933 (base 11) to base 4.
1210301
211201 (base 3) to base 15
2ad
-236 (base 14) to base 15
-1e5
Convert 101001111010 (base 2) to base 7.
10551
What is 121001220 (base 3) in base 16?
2dc3
100011000111001 (base 2) to base 5
1033402
Convert -105065 (base 7) to base 15.
-577e
Convert -30472 (base 11) to base 10.
-44486
What is 147 (base 8) in base 12?
87
Convert -103114 (base 6) to base 14.
-3130
Convert -121021202 (base 3) to base 5.
-334443
What is -1461 (base 7) in base 3?
-210120
-2d1 (base 16) to base 15
-331
Convert b88 (base 12) to base 6.
11452
-2629 (base 10) to base 6
-20101
-3676 (base 9) to base 16
-ab6
What is -41411 (base 5) in base 2?
-101010101011
What is -12985 (base 10) in base 12?
-7621
What is -4889 (base 13) in base 8?
-24015
-7c68 (base 13) to base 11
-12163
Convert -15305 (base 7) to base 14.
-17ac
22033 (base 7) to base 9
7504
Convert 3222 (base 9) to base 6.
14545
What is 31a2 (base 16) in base 7?
52021
Convert -135543 (base 7) to base 11.
-18598
Convert -227 (base 8) to base 16.
-97
What is 10151 (base 7) in base 14?
c98
-a25 (base 15) to base 10
-2285
-31333003 (base 4) to base 5
-3313113
2521 (base 6) to base 8
1161
What is -14135 (base 8) in base 2?
-1100001011101
-840 (base 11) to base 12
-704
What is 75 (base 10) in base 11?
69
Convert -39c (base 13) to base 3.
-212120
What is 1133 (base 9) in base 16?
348
Convert -4bd1 (base 15) to base 10.
-16171
Convert -1550 (base 13) to base 2.
-110000100011
What is 1605 (base 8) in base 13?
544
What is 21201012 (base 3) in base 10?
5621
Convert -54127 (base 8) to base 11.
-15a9a
-1411332 (base 5) to base 4
-13010213
-16 (base 9) to base 8
-17
What is 3301301 (base 4) in base 16?
3c71
What is 9c0 (base 16) in base 15?
b16
-41241 (base 10) to base 4
-22010121
Convert -114c (base 13) to base 9.
-3300
156010 (base 7) to base 2
111100010011101
14729 (base 11) to base 16
516b
Convert 110010011 (base 2) to base 8.
623
cc (base 13) to base 6
440
What is 27409 (base 10) in base 3?
1101121011
100100110 (base 2) to base 4
10212
Convert -203022 (base 4) to base 8.
-4312
What is 353 (base 13) in base 8?
1077
-5153 (base 8) to base 13
-12a2
What is -262622 (base 7) in base 14?
-13c12
Convert -54 (base 8) to base 9.
-48
What is -11108 (base 12) in base 5?
-1210431
Convert -1361 (base 7) to base 6.
-2245
Convert 2122011 (base 3) to base 10.
1921
What is 1324 (base 11) in base 8?
3270
Convert 430 (base 10) to base 4.
12232
Convert -1d34c (base 14) to base 8.
-221770
What is 93b (base 13) in base 12?
aab
Convert -cb7 (base 16) to base 5.
-101010
Convert -175 (base 15) to base 13.
-1ca
-47e7 (base 15) to base 9
-22871
24144 (base 5) to base 4
130013
-230124 (base 5) to base 16
-1fe4
What is 11200 (base 4) in base 11?
2a0
Convert 8635 (base 9) to base 15.
1d35
-10611 (base 7) to base 16
-a8f
What is -22001030 (base 4) in base 11?
-28916
-143012 (base 5) to base 4
-1131313
-10220020 (base 3) to base 10
-2841
Convert 5779 (base 16) to base 10.
22393
-9a39 (base 16) to base 9
-60137
Convert 1ba5 (base 14) to base 2.
1001110110101
-1688 (base 9) to base 4
-110033
-111010100010 (base 2) to base 8
-7242
What is -12494 (base 13) in base 12?
-17648
-24416 (base 8) to base 4
-2210032
-77710 (base 8) to base 16
-7fc8
Convert 577 (base 14) to base 10.
1085
Convert 1110111000111 (base 2) to base 7.
31140
What is -131422 (base 5) in base 12?
-3045
-127244 (base 8) to base 10
-44708
7967 (base 10) to base 7
32141
What is bc (base 14) in base 16?
a6
325014 (base 6) to base 8
64602
Convert 1376b (base 12) to base 13.
c3aa
What is 124002 (base 7) in base 2?
101100111000111
459 (base 11) to base 12
398
Convert -28052 (base 9) to base 3.
-222001202
20221 (base 3) to base 9
227
Convert -415 (base 12) to base 13.
-368
Convert 2300113 (base 5) to base 14.
10b62
-305062 (base 7) to base 4
-30233110
3b (base 14) to base 13
41
Convert 1110111110 (base 2) to base 14.
4c6
Convert 8384 (base 10) to base 16.
20c0
b2 (base 15) to base 4
2213
-1625 (base 11) to base 8
-4044
Convert -1222 (base 10) to base 3.
-1200021
Convert 59264 (base 11) to base 10.
85496
3312 (base 8) to base 12
100a
What is 41621 (base 7) in base 3?
112001212
What is 11100111 (base 2) in base 11?
1a0
Convert 111100010011010 (base 2) to base 3.
1120100111
2078 (base 10) to base 14
a86
What is 13ae (base 16) in base 15?
175d
Convert 51b3 (base 13) to base 14.
4192
What is 112 (base 5) in base 8?
40
252 (base 13) to base 16
195
What is 31321 (base 5) in base 13?
c46
1e21 (base 15) to base 16
199c
Convert 1111011 (base 2) to base 5.
443
1055 (base 6) to base 2
11111011
Convert -385 (base 11) to base 15.
-206
-10000010110101 (base 2) to base 13
-3a71
19b8 (base 12) to base 11
2417
-871 (base 10) to base 9
-1167
21001 (base 6) to base 9
3761
What is 2301012 (base 4) in base 12?
6686
282 (base 10) to base 5
2112
Convert -18577 (base 9) to base 5.
-402433
What is -3443321 (base 5) in base 4?
-33032000
Convert 3530 (base 14) to base 12.
5432
2314 (base 6) to base 4
20212
1525 (base 6) to base 9
508
a066 (base 11) to base 3
200100122
-2500 (base 6) to base 3
-211200
What is 22202201 (base 3) in base 4?
1203313
1311 (base 9) to base 11
813
Convert -7415 (base 9) to